{"id":3823,"date":"2022-02-21T10:51:34","date_gmt":"2022-02-21T09:51:34","guid":{"rendered":"https:\/\/herbst-bau-gmbh.de\/start\/?page_id=3823"},"modified":"2023-11-15T15:00:23","modified_gmt":"2023-11-15T14:00:23","slug":"betonbau","status":"publish","type":"page","link":"https:\/\/herbst-bau-gmbh.de\/start\/betonbau\/","title":{"rendered":"Betonbau"},"content":{"rendered":"<p>[vc_row css=&#8221;.vc_custom_1619514619010{margin-top: 90px !important;margin-bottom: 71px !important;}&#8221;][vc_column width=&#8221;1\/3&#8243; css=&#8221;.vc_custom_1618387090205{padding-right: 45px !important;}&#8221; el_class=&#8221;left-project&#8221;]<div class=\"title-subtile-holder wow bounce text_left\"><div class=\"subtitle-wrapper\"><span class=\"section-border left orange_border\"><\/span><span class=\"section-subtitle orange_subtitle\">Auf gutem Grund<\/span><span class=\"section-border right orange_border\"><\/span><\/div><h2 class=\"section-title dark_title\">Betonbau<\/h2><\/div>[vc_column_text]<img loading=\"lazy\" class=\"aligncenter wp-image-3940 size-full\" src=\"https:\/\/herbst-bau-gmbh.de\/start\/wp-content\/uploads\/2022\/02\/Beton_1.jpg\" alt=\"\" width=\"1006\" height=\"671\" srcset=\"https:\/\/herbst-bau-gmbh.de\/start\/wp-content\/uploads\/2022\/02\/Beton_1.jpg 1006w, https:\/\/herbst-bau-gmbh.de\/start\/wp-content\/uploads\/2022\/02\/Beton_1-300x200.jpg 300w, https:\/\/herbst-bau-gmbh.de\/start\/wp-content\/uploads\/2022\/02\/Beton_1-768x512.jpg 768w\" sizes=\"(max-width: 1006px) 100vw, 1006px\" \/>[\/vc_column_text][vc_column_text css_animation=&#8221;fadeInUp&#8221; css=&#8221;.vc_custom_1618311731835{margin-top: 30px !important;padding-top: 50px !important;padding-right: 50px !important;padding-bottom: 50px !important;padding-left: 50px !important;background-color: #789c9d !important;}&#8221; el_class=&#8221;get-a-consultation-sidebar&#8221;]<div role=\"form\" class=\"wpcf7\" id=\"wpcf7-f503-o1\" lang=\"en-US\" dir=\"ltr\">\n<div class=\"screen-reader-response\"><p role=\"status\" aria-live=\"polite\" aria-atomic=\"true\"><\/p> <ul><\/ul><\/div>\n<form action=\"\/start\/wp-json\/wp\/v2\/pages\/3823#wpcf7-f503-o1\" method=\"post\" class=\"wpcf7-form init\" novalidate=\"novalidate\" data-status=\"init\">\n<div style=\"display: none;\">\n<input type=\"hidden\" name=\"_wpcf7\" value=\"503\" \/>\n<input type=\"hidden\" name=\"_wpcf7_version\" value=\"5.3\" \/>\n<input type=\"hidden\" name=\"_wpcf7_locale\" value=\"en_US\" \/>\n<input type=\"hidden\" name=\"_wpcf7_unit_tag\" value=\"wpcf7-f503-o1\" \/>\n<input type=\"hidden\" name=\"_wpcf7_container_post\" value=\"0\" \/>\n<input type=\"hidden\" name=\"_wpcf7_posted_data_hash\" value=\"\" \/>\n<\/div>\n<div class=\"wega-contact wega-contact-sidebar row\">\n<div class=\"col-md-12\">\n<h3>Kontakt<\/h3>\n<p>Wir beraten Sie gerne!<\/p>\n<\/div>\n<div class=\"col-md-12\">\n<label><span class=\"wpcf7-form-control-wrap first-name\"><input type=\"text\" name=\"first-name\" value=\"\" size=\"40\" class=\"wpcf7-form-control wpcf7-text wpcf7-validates-as-required\" aria-required=\"true\" aria-invalid=\"false\" placeholder=\"Name\" \/><\/span><\/label>\n<\/div>\n<div class=\"col-md-12\">\n<label><span class=\"wpcf7-form-control-wrap email\"><input type=\"email\" name=\"email\" value=\"\" size=\"40\" class=\"wpcf7-form-control wpcf7-text wpcf7-email wpcf7-validates-as-required wpcf7-validates-as-email\" aria-required=\"true\" aria-invalid=\"false\" placeholder=\"Email\" \/><\/span><\/label>\n<\/div>\n<div class=\"col-md-12\">\n<label><span class=\"wpcf7-form-control-wrap phone\"><input type=\"tel\" name=\"phone\" value=\"\" size=\"40\" class=\"wpcf7-form-control wpcf7-text wpcf7-tel wpcf7-validates-as-required wpcf7-validates-as-tel\" aria-required=\"true\" aria-invalid=\"false\" placeholder=\"Tel.\" \/><\/span><\/label>\n<\/div>\n<div class=\"col-md-12\">\n<button type=\"submit\" class=\"wpcf7-form-control wpcf7-submit\">Senden<\/button>\n<\/div>\n<\/div>\n<div class=\"wpcf7-response-output\" aria-hidden=\"true\"><\/div><\/form><\/div>[\/vc_column_text][\/vc_column][vc_column width=&#8221;2\/3&#8243;][vc_column_text css_animation=&#8221;fadeInUp&#8221; css=&#8221;.vc_custom_1699541527532{margin-bottom: 30px !important;}&#8221;]<\/p>\n<div class=\"flex flex-grow flex-col gap-3 max-w-full\">\n<div class=\"min-h-[20px] flex flex-col items-start gap-3 whitespace-pre-wrap break-words overflow-x-auto\">\n<div class=\"result-streaming markdown prose w-full break-words dark:prose-invert light\">\n<p>Beton &#8211; stark und best\u00e4ndig.<\/p>\n<p>Die Bedeutung von Betonarbeiten in der Bauindustrie ist nicht zu untersch\u00e4tzen. Die richtige Planung, Ausf\u00fchrung und Qualit\u00e4tskontrolle sind entscheidend, um sicherzustellen, dass die Vorteile von Betonarbeiten in vollem Umfang genutzt werden und die Strukturen sicher und langlebig sind.<\/p>\n<\/div>\n<\/div>\n<\/div>\n<p>[\/vc_column_text][vc_single_image image=&#8221;3941&#8243; img_size=&#8221;full&#8221; alignment=&#8221;center&#8221; onclick=&#8221;zoom&#8221; css_animation=&#8221;fadeInUp&#8221;][vc_column_text css_animation=&#8221;fadeInUp&#8221; css=&#8221;.vc_custom_1697027105017{padding-top: 0px !important;padding-bottom: 30px !important;}&#8221;]<\/p>\n<blockquote><p>Betonarbeit mit Best\u00e4ndigkeit und Pr\u00e4zision \u2013 Wir setzen Ma\u00dfst\u00e4be!<\/p><\/blockquote>\n<p>[\/vc_column_text][vc_column_text css_animation=&#8221;fadeInUp&#8221;]Mit jahrzehntelanger Erfahrung sind wir Ihr verl\u00e4sslicher Partner f\u00fcr Betonl\u00f6sungen in h\u00f6chster Qualit\u00e4t. Unser Team steht f\u00fcr Pr\u00e4zision, Zuverl\u00e4ssigkeit und innovative L\u00f6sungen, um Ihre Bauprojekte zu realisieren. F\u00fcr stabile Fundamente und Bauwerke, die Bestand haben.[\/vc_column_text][vc_empty_space height=&#8221;50px&#8221;][vc_empty_space height=&#8221;30px&#8221;][\/vc_column][\/vc_row]<\/p>\n","protected":false},"excerpt":{"rendered":"<p>[vc_row css=&#8221;.vc_custom_1619514619010{margin-top: 90px !important;margin-bottom: 71px !important;}&#8221;][vc_column width=&#8221;1\/3&#8243; css=&#8221;.vc_custom_1618387090205{padding-right: 45px !important;}&#8221; el_class=&#8221;left-project&#8221;][vc_column_text][\/vc_column_text][vc_column_text css_animation=&#8221;fadeInUp&#8221; css=&#8221;.vc_custom_1618311731835{margin-top: 30px !important;padding-top: 50px !important;padding-right: 50px !important;padding-bottom: 50px !important;padding-left: 50px !important;background-color: #789c9d !important;}&#8221; el_class=&#8221;get-a-consultation-sidebar&#8221;][\/vc_column_text][\/vc_column][vc_column width=&#8221;2\/3&#8243;][vc_column_text css_animation=&#8221;fadeInUp&#8221; css=&#8221;.vc_custom_1699541527532{margin-bottom: 30px !important;}&#8221;] Beton &#8211; stark und best\u00e4ndig. Die Bedeutung von Betonarbeiten in der Bauindustrie ist nicht zu untersch\u00e4tzen. Die richtige Planung, Ausf\u00fchrung und Qualit\u00e4tskontrolle sind entscheidend, [&hellip;]<\/p>\n","protected":false},"author":1,"featured_media":0,"parent":0,"menu_order":0,"comment_status":"closed","ping_status":"closed","template":"","meta":[],"_links":{"self":[{"href":"https:\/\/herbst-bau-gmbh.de\/start\/wp-json\/wp\/v2\/pages\/3823"}],"collection":[{"href":"https:\/\/herbst-bau-gmbh.de\/start\/wp-json\/wp\/v2\/pages"}],"about":[{"href":"https:\/\/herbst-bau-gmbh.de\/start\/wp-json\/wp\/v2\/types\/page"}],"author":[{"embeddable":true,"href":"https:\/\/herbst-bau-gmbh.de\/start\/wp-json\/wp\/v2\/users\/1"}],"replies":[{"embeddable":true,"href":"https:\/\/herbst-bau-gmbh.de\/start\/wp-json\/wp\/v2\/comments?post=3823"}],"version-history":[{"count":19,"href":"https:\/\/herbst-bau-gmbh.de\/start\/wp-json\/wp\/v2\/pages\/3823\/revisions"}],"predecessor-version":[{"id":4214,"href":"https:\/\/herbst-bau-gmbh.de\/start\/wp-json\/wp\/v2\/pages\/3823\/revisions\/4214"}],"wp:attachment":[{"href":"https:\/\/herbst-bau-gmbh.de\/start\/wp-json\/wp\/v2\/media?parent=3823"}],"curies":[{"name":"wp","href":"https:\/\/api.w.org\/{rel}","templated":true}]}}